alculate p(5).
5
Let k(h) = h**2 - 8*h + 3. What is k(7)?
-4
Let j(m) = -3*m**2 - 50*m - 27. What is j(-16)?
5
Let c(d) = -3*d**3 - 17*d**2 + 5*d - 1. Give c(-6).
5
Let z(a) = 4*a - 59. What is z(17)?
9
Let x(v) = -v**3 - 22*v**2 - v + 2. Calculate x(-22).
24
Let c(n) = 3*n - 5. What is c(-3)?
-14
Let d(q) = 20*q + 4. Give d(4).
84
Let h(u) = 9*u + 11. Calculate h(-7).
-52
Let s(f) = f**3 - f**2 - f - 1. What is s(-2)?
-11
Let k(x) = -2*x**2 - 2*x - 3. Calculate k(-5).
-43
Let m(n) = -3*n - 24. Give m(-9).
3
Let o(t) = -4*t + 49. Give o(14).
-7
Let p(t) = 154*t - 931. Determine p(6).
-7
Let a(o) = -2*o**3 + 15*o**2 - 7*o + 5. Give a(7).
5
Let u(p) = 4*p**2 + 2*p - 42. What is u(6)?
114
Let n(f) = -6*f**2 - 15*f + 5. Give n(-4).
-31
Let c(b) = 2*b - 7. What is c(0)?
-7
Let m(i) = -i**3 + 10*i**2 + 10*i + 4. What is m(11)?
-7
Let m(i) = -36*i**2 + i. Give m(-1).
-37
Let p(g) = 2*g**3 - 2*g**2 - 3*g - 3. Give p(3).
24
Let u(q) = q**2 + 10*q. What is u(-9)?
-9
Let k(x) = -19*x - 81. What is k(-4)?
-5
Let y(f) = -13*f + 32. Give y(3).
-7
Let r(k) = -k**3 + 12*k**2 - 26*k + 9. Give r(9).
18
Let o(n) = -n**3 - 15*n**2 - 27*n - 15. Determine o(-13).
-2
Let a(c) = -4*c**2 + 2*c + 8. What is a(5)?
-82
Let v(u) = 7*u**2 - u - 2. What is v(-2)?
28
Let b(z) = 8*z**2 - 2*z - 3. Determine b(-2).
33
Let j(s) = -9*s - 59. What is j(-14)?
67
Let r(g) = g**2 + 19*g + 64. Give r(-10).
-26
Let o(j) = j**2 - 20*j + 53. Calculate o(17).
2
Let b(s) = 6*s + 52. Give b(-7).
10
Let d(p) = p**2 + 7*p - 3. Calculate d(-8).
5
Let s(o) = o**2 - 4*o - 24. Determine s(-11).
141
Let z(r) = -36*r**3 + 2*r**2 + 2*r. What is z(-1)?
36
Let o(h) = -29*h**2 + 174*h - 8. What is o(6)?
-8
Let g(l) = -l**3 + 9*l**2 - 19*l + 29. What is g(7)?
-6
Let d(p) = -p**3 - 8*p**2 - 5*p + 2. Determine d(-7).
-12
Let r(g) = 10*g - 1. Calculate r(4).
39
Let f(m) = -8*m + 4. Determine f(-4).
36
Let w(o) = -42*o - 370. Determine w(-9).
8
Let h(m) = m**2 - 6*m + 3. What is h(7)?
10
Let x(n) = 3*n**2 + 43*n + 58. Determine x(-13).
6
Let x(f) = f**2 + f - 4. Determine x(0).
-4
Let m(o) = -2*o**2 + 11*o - 8. Calculate m(5).
-3
Let n(x) = -x**3 + 12*x**2 - 23*x - 4. Determine n(10).
-34
Let x(j) = 22*j + 167. Calculate x(-7).
13
Let w(k) = 11*k - 188. Give w(16).
-12
Let x(w) = w**3 - 4*w**2 - 13*w - 5. What is x(6)?
-11
Let q(i) = -i - 24. Determine q(14).
-38
Let x(g) = 17*g + 4. Calculate x(-1).
-13
Let t(c) = -c**3 - 12*c**2 - 12*c - 5. Give t(-10).
-85
Let k(a) = a + 1. Determine k(1).
2
Let f(r) = r**3 - 6*r**2 - 5*r + 11. What is f(6)?
-19
Let b(y) = -34*y + 47. What is b(1)?
13
Let z(k) = k**3 - 8*k**2 + k - 6. Give z(8).
2
Let t(y) = -5*y**2 - 5*y + 5. Calculate t(1).
-5
Let q(i) = i**3 + 16*i**2 + 16*i + 4. Give q(-15).
-11
Let s(q) = 6*q**2 - 2*q + 6. Calculate s(2).
26
Let q(y) = 14*y + 20. Calculate q(-6).
-64
Let i(w) = -w**3 - w**2 + w + 1. Calculate i(-3).
16
Let d(c) = c**3 + 12*c**2 + 11*c - 6. Determine d(-11).
-6
Let y(s) = -s**2 - 21*s - 12. Calculate y(-12).
96
Let j(p) = 9*p - 16. What is j(12)?
92
Let r(i) = i**2 + 2*i - 6. Determine r(4).
18
Let r(z) = 20*z - 31. Determine r(1).
-11
Let y(i) = -i + 17. Calculate y(10).
7
Let k(y) = -27*y + 187. Give k(7).
-2
Let w(k) = k - 3. Determine w(-3).
-6
Let k(j) = -j**3 - 46*j**2 - 87*j + 40. Calculate k(-44).
-4
Let f(o) = -o**2 + 10*o - 1. What is f(8)?
15
Let t(a) = -a**2 + 14*a - 5. Determine t(10).
35
Let u(m) = -m**3 + 10*m**2 + m - 10. Determine u(10).
0
Let g(d) = 2*d - 9. What is g(3)?
-3
Let f(c) = c**3 + 12*c**2 + 8*c - 30. Determine f(-11).
3
Let c(t) = t**3 - 13*t**2 - 16*t + 35. Calculate c(14).
7
Let c(l) = 4*l + 26. What is c(-10)?
-14
Let b(g) = 65*g - 217. Give b(3).
-22
Let a(x) = -x**3 - 9*x**2 + x + 14. Determine a(-9).
5
Let l(x) = x**3 - 6*x**2 - 8*x + 10. What is l(7)?
3
Let b(p) = -4*p - 1. What is b(4)?
-17
Let d(i) = i**2 - i - 11. Determine d(5).
9
Let j(a) = -2*a**2 - 6*a + 9. Determine j(-4).
1
Let l(s) = 4*s**2 + 7*s - 1. Determine l(-2).
1
Let i(f) = f + 16. Calculate i(-6).
10
Let l(c) = 5*c - 35. Calculate l(14).
35
Let t(m) = m**2 - 12*m + 13. Give t(12).
13
Let y(b) = -2*b**2 + 6*b - 3. Give y(-7).
-143
Let m(u) = 2*u - 2. Determine m(-14).
-30
Let f(y) = -25*y**2 + y + 1. Determine f(2).
-97
Let c(d) = d**2 - 10*d + 9. Determine c(9).
0
Let m(z) = -z**3 + 12*z**2 + 27*z + 19. Determine m(14).
5
Let h(u) = -13*u + 602. Determine h(45).
17
Let i(g) = g**2 + 3*g + 1. Determine i(-2).
-1
Let x(u) = u**2 - 10*u - 2. Determine x(16).
94
Let w(i) = i**3 - 12*i**2 + 13*i - 31. Calculate w(11).
-9
Let b(g) = g**3 + 8*g**2 - 3*g + 5. Give b(-4).
81
Let c(l) = l**2 + 24*l - 63. Give c(-28).
49
Let v(z) = -13*z - 8. Calculate v(-2).
18
Let y(i) = -2*i**2 + 8*i - 7. What is y(5)?
-17
Let j(k) = -k**3 + 3*k**2 - 8*k + 15. Give j(2).
3
Let q(d) = -10*d - 10. Calculate q(5).
-60
Let t(d) = -4*d**2 - 8*d + 32. Give t(-4).
0
Let y(z) = -30*z**2 - z - 2. Determine y(-1).
-31
Let n(q) = 5*q**2 + q + 9. Give n(-5).
129
Let w(v) = v + 35. What is w(28)?
63
Let f(i) = -i + 19. Give f(-6).
25
Let g(s) = s**3 + 10*s**2 + 9*s + 7. Determine g(-9).
7
Let y(q) = 2*q**2 + 57*q - 5. What is y(-26)?
-135
Let c(q) = -3*q - 70. What is c(-26)?
8
Let x(c) = -3*c - 26. Give x(-10).
4
Let o(w) = w**2 + 11*w - 61. Give o(4).
-1
Let w(y) = -13*y + 2. Give w(-4).
54
Let f(k) = -2*k**3 + 4*k - 13. Determine f(0).
-13
Let p(i) = -i**3 + 8*i**2 - 9*i + 4. Give p(7).
-10
Let t(z) = -z - 17. Give t(-15).
-2
Let u(p) = 2*p + 4. What is u(3)?
10
Let w(n) = -n**3 - 5*n**2 - 3*n + 11. Give w(-7).
130
Let i(j) = 4*j + 62. Determine i(-14).
6
Let c(m) = -4*m - 108. Give c(-24).
-12
Let z(d) = 17*d - 74. Give z(5).
11
Let c(v) = v**3 - 13*v - 19. Determine c(-3).
-7
Let n(o) = -o**3 - 17*o**2 + 22*o + 31. Calculate n(-18).
-41
Let k(h) = h**3 + 11*h**2 + 7*h - 23. What is k(-10)?
7
Let k(d) = 2*d**3 + 3*d**2 + 3*d + 2. Determine k(-3).
-34
Let l(k) = k**2 - 5*k + 3. What is l(5)?
3
Let x(o) = o**2 - o - 4. What is x(3)?
2
Let s(r) = -17*r + 4. Determine s(7).
-115
Let z(p) = p. Determine z(-5).
-5
Let a(r) = r**2 - 10*r + 22. What is a(11)?
33
Let x(d) = d**2 + 11*d + 9. Calculate x(-11).
9
Let b(w) = 4*w**3 + 8*w**2 - 2*w + 8. What is b(-4)?
-112
Let f(a) = 3*a - 1. Calculate f(3).
8
Let a(f) = 7*f**2 + 2*f - 2. What is a(-2)?
22
Let y(z) = -12*z. What is y(1)?
-12
Let x(d) = 18*d - 64. Calculate x(5).
26
Let a(z) = -8*z + 24. Give a(4).
-8
Let x(l) = l**3 + 4*l**2 - 3*l + 7. Determine x(-5).
-3
Let t(l) = -4*l - 27. Determine t(4).
-43
Let t(c) = c**3 + 7*c**2 + 14*c + 7. Calculate t(-4).
-1
Let y(o) = 6*o**3 + 4*o + 3. Give y(2).
59
Let g(f) = -8*f + 12. Calculate g(9).
-60
Let k(h) = h**2 - h - 63. Calculate k(0).
-63
Let q(y) = -2*y + 19. Give q(7).
5
Let r(b) = -4*b - 9. Give r(0).
-9
Let a(g) = -4*g - 7. Give a(-3).
5
Let k(x) = -2*x**2 + 14*x + 3. What is k(6)?
15
Let d(a) = -3*a + 22. What is d(7)?
1
Let b(h) = -2*h**2 - 5*h + 34. Give b(-9).
-83
Let p(b) = b**3 - 2*b**2 - 11*b - 8. Give p(6).
70
Let u(j) = -j**3 + 16*j**2 + 18*j - 26. Determine u(17).
-9
Let r(k) = -k**3 + 2*k**2 + 3*k - 3. What is r(4)?
-23
Let s(h) = 3*h**2 - h - 11. What is s(-2)?
3
Let u(b) = -2*b + 15. Calculate u(-10).
35
Let v(u) = u**3 - 5*u**2 + 4*u - 1. Give v(5).
19
Let d(f) = -3*f - 5. Determine d(-3).
4
Let j(a) = -11*a**2 - 2*a + 13. Give j(-4).
-155
Let h(i) = -7*i + 61. What is h(10)?
-9
Let z(h) = -5*h**2 - 3. Calculate z(-2).
-23
Let i(v) = -10*v - 84. Determine i(-8).
-4
Let o(r) = -r**3 - 5*r**2 + 65*r - 6. Calculate o(-11).
5
Let s(m) = 55*m + 109. Give s(-2).
-1
Let y(j) = -j**3 - 6*j**2 + 2*j + 29. Give y(-4).
-11
Let y(i) = i**3 - 3*i**2 - 5*i + 9. What is y(4)?
5
Let l(t) = -9*t - 2. What is l(-4)?
34
Let a(n) = 3*n**2 + 128*n + 58. Determine a(-42).
-26
Let l(h) = 3*h**3 + 43*h**2 - 30*h. Calculate l(-15).
0
Let k(d) = -d**2 - 10*d + 5. Determine k(-8).
21
Let h(z) = z**2 + 4*z - 15. Give h(-7).
6
Let r(m) = -m. What is r(5)?
-5
Let o(k) = 2*k**3 + 5*k**2 - 8*k - 6. Calculate o(-5).
-91
Let s(u) = -u**2 + 5*u + 6. Give s(8).
-18
Let z(o) = -o**3 + o**2 - 22. Give z(0).
-22
Let t(m) = -5*m**2 + 27*m + 22. Calculate t(6).
4
Let t(r) = -r**2 - 17*r - 29. Calculate t(-16).
-13
Let k(o) = o**3 + 6*o**2 + o - 15. Determine k(-5).
5
Let d(t) = -10*t - 